{"id":6155,"date":"2016-05-12T04:24:34","date_gmt":"2016-05-12T04:24:34","guid":{"rendered":"http:\/\/ling-phil.mit.edu\/mithaiti\/ht\/?page_id=6155"},"modified":"2018-05-14T10:23:36","modified_gmt":"2018-05-14T14:23:36","slug":"organizations","status":"publish","type":"page","link":"https:\/\/haiti.mit.edu\/hat\/organizations\/","title":{"rendered":"Patn\u00e8 \u00f2ganizasyon\u00e8l"},"content":{"rendered":"<div class=\"fusion-fullwidth fullwidth-box fusion-fullwidth-1  fusion-parallax-none nonhundred-percent-fullwidth\" style=\"border-color:#eae9e9;border-bottom-width: 0px;border-top-width: 0px;border-bottom-style: solid;border-top-style: solid;padding-bottom:20px;padding-top:20px;padding-left:150px;padding-right:150px;background-color:rgba(255,255,255,0);\"><style type=\"text\/css\" scoped=\"scoped\">.fusion-fullwidth-1 {\n                            padding-left: 150px !important;\n                            padding-right: 150px !important;\n                        }<\/style><div class=\"fusion-row\"><p><img loading=\"lazy\" class=\"alignnone size-full wp-image-6168 aligncenter\" src=\"http:\/\/ling-phil.mit.edu\/mithaiti\/wp-content\/uploads\/2016\/05\/logos.jpg\" alt=\"logos\" width=\"483\" height=\"61\" srcset=\"https:\/\/haiti.mit.edu\/wp-content\/uploads\/2016\/05\/logos-200x25.jpg 200w, https:\/\/haiti.mit.edu\/wp-content\/uploads\/2016\/05\/logos-300x38.jpg 300w, https:\/\/haiti.mit.edu\/wp-content\/uploads\/2016\/05\/logos-400x51.jpg 400w, https:\/\/haiti.mit.edu\/wp-content\/uploads\/2016\/05\/logos.jpg 483w\" sizes=\"(max-width: 483px) 100vw, 483px\" \/><\/p>\n<\/div><\/div><h2>We are grateful for support from these organizations.<\/h2>\n<p>Se nan kole zep\u00f2l ak div\u00e8s enstitisyon n ap chache f\u00e8 chanjman nan kourikoul\u00f2m, nan met\u00f2d pedagojik pou n jwenn enpak ki dirab nan tout nivo ans\u00e8yman yo.<\/p>\n<ul>\n<li><strong>Campus Henry Christophe, Iniv\u00e8site Leta d Ayiti, Limonade (CHCL): &nbsp;<\/strong> CHCL kreye yon sant pou f\u00f2masyon anseyan k ap s\u00e8vi enstitisyon akademik nan z\u00f2n Gran N\u00f2 ann Ayiti. Inisyativ MIT-Ayiti ofri atelye epi konsiltasyon nan CHCL, epi CHCL ofri lokal, patn\u00e8 k ap travay sou teren ansanm ak eksp\u00e8tiz k ap ede nan <span style=\"color: #0000ff;\"><a style=\"color: #0000ff;\" href=\"http:\/\/lenouvelliste.com\/lenouvelliste\/article\/162753\/Inisyativ-MIT-Ayiti-ap-kore-edikasyon-san-barye-sou-Kanpis-UEH-nan-Limonad\">planifikasyon ak enplemantasyon atelye MIT-Ayiti nan CHCL<\/a>.<\/span><\/li>\n<li><strong>Lek\u00f2l Kominot\u00e8 Mat\u00e8nwa (LKM) nan Lagonav:<\/strong> LKM ap devlope pwogram lek\u00f2l segond\u00e8 ki byen chita nan met\u00f2d pedagoji ent\u00e8raktif an krey\u00f2l. LKM deja s\u00e8vi k\u00f2m <span style=\"color: #0000ff;\"><a style=\"color: #0000ff;\" href=\"http:\/\/rdcu.be\/qm1X\">mod\u00e8l<\/a><\/span> e k\u00f2m sant f\u00f2masyon pou anseyan nan lek\u00f2l fondamantal nan tout peyi&nbsp;a.<\/li>\n<li><strong>Massachusetts Institute of Technology (MIT):&nbsp; &nbsp;<\/strong>MIT angaje tou patou nan lemonn k\u00f2m lid\u00e8 nan met\u00f2d aprantisaj aktif.&nbsp; Ki f\u00e8 MIT se yon patn\u00e8 ki djanm pou Inisyativ MIT-Ayiti k ap travay pou pedagoji ent\u00e8raktif mod\u00e8n selon rezilta syantifik vin ranplase tradisyon demode aprann pa k\u00e8 an jako rep\u00e8t&#8230; . Ann Ayiti, pedagoji mod\u00e8n sa a dwe s\u00e8vi ak s\u00e8l grenn lang sa a ki rele tout Ayisyen ch\u00e8 m\u00e8t ch\u00e8 metr\u00e8s\u2014egal: krey\u00f2l\u2014ansanm ak div\u00e8s resous pou aprantisaj aktif (ki s\u00e8vi ak \u00f2dinat\u00e8 oswa l\u00f2t teknoloji ki pa nimerik).<\/li>\n<li><strong>National Science Foundation<\/strong> NSF ap <span style=\"color: #0000ff;\"><a style=\"color: #0000ff;\" href=\"https:\/\/www.nsf.gov\/awardsearch\/showAward?AWD_ID=1248066\">finanse<\/a><\/span> aktivite Inisyativ MIT-Ayiti yo <span style=\"color: #0000ff;\"><a style=\"color: #0000ff;\" href=\"http:\/\/1.usa.gov\/1JUdvpt\">depi 2010<\/a><\/span>.<\/li>\n<\/ul>\n\n","protected":false},"excerpt":{"rendered":"","protected":false},"author":1,"featured_media":0,"parent":0,"menu_order":0,"comment_status":"closed","ping_status":"closed","template":"","meta":{"ngg_post_thumbnail":0},"_links":{"self":[{"href":"https:\/\/haiti.mit.edu\/hat\/wp-json\/wp\/v2\/pages\/6155"}],"collection":[{"href":"https:\/\/haiti.mit.edu\/hat\/wp-json\/wp\/v2\/pages"}],"about":[{"href":"https:\/\/haiti.mit.edu\/hat\/wp-json\/wp\/v2\/types\/page"}],"author":[{"embeddable":true,"href":"https:\/\/haiti.mit.edu\/hat\/wp-json\/wp\/v2\/users\/1"}],"replies":[{"embeddable":true,"href":"https:\/\/haiti.mit.edu\/hat\/wp-json\/wp\/v2\/comments?post=6155"}],"version-history":[{"count":8,"href":"https:\/\/haiti.mit.edu\/hat\/wp-json\/wp\/v2\/pages\/6155\/revisions"}],"predecessor-version":[{"id":7558,"href":"https:\/\/haiti.mit.edu\/hat\/wp-json\/wp\/v2\/pages\/6155\/revisions\/7558"}],"wp:attachment":[{"href":"https:\/\/haiti.mit.edu\/hat\/wp-json\/wp\/v2\/media?parent=6155"}],"curies":[{"name":"wp","href":"https:\/\/api.w.org\/{rel}","templated":true}]}}