{"id":7283,"date":"2018-01-13T20:18:05","date_gmt":"2018-01-14T01:18:05","guid":{"rendered":"https:\/\/haiti.mit.edu\/ht\/?page_id=7283"},"modified":"2018-02-12T10:17:47","modified_gmt":"2018-02-12T15:17:47","slug":"geogebra","status":"publish","type":"page","link":"https:\/\/haiti.mit.edu\/hat\/resous\/geogebra\/","title":{"rendered":"GeoGebra"},"content":{"rendered":"<div class=\"fusion-fullwidth fullwidth-box fusion-fullwidth-1  fusion-parallax-none nonhundred-percent-fullwidth\" style=\"border-color:#eae9e9;border-bottom-width: 0px;border-top-width: 0px;border-bottom-style: solid;border-top-style: solid;padding-bottom:20px;padding-top:20px;padding-left:;padding-right:;background-color:rgba(255,255,255,0);\"><style type=\"text\/css\" scoped=\"scoped\">.fusion-fullwidth-1 {\n                            padding-left: px !important;\n                            padding-right: px !important;\n                        }<\/style><div class=\"fusion-row\"><div class=\"fusion-one-full fusion-layout-column fusion-column-last fusion-spacing-yes\" style=\"margin-top:0px;margin-bottom:20px;\"><div class=\"fusion-column-wrapper\"><p style=\"text-align: left;\">GeoGebra&nbsp;se zouti ki ka ede etidyan kreye obj\u00e8 ak model pou matematik.&nbsp; Sa se yon zouti pou ede aprantisaj ak ans\u00e8yman nan tout nivo edikasyon.&nbsp; Li p\u00e8m\u00e8t etidyan yo f\u00e8 dekouv\u00e8t pandan y ap patisipe nan ent\u00e8raksyon, pandan y ap manipile obj\u00e8, chanje param\u00e8t, ent\u00e8raji ak jeyometri nan 2 ak 3 dimansyon, alj\u00e8b, tablo, graf, kalkil epi estatistik.&nbsp; Epi tou, GeoGebra se yon zouti ki ka ede pwofes\u00e8 yo kreye fichye ki ent\u00e8raktif.&nbsp; Se yon resous ki lib e ki ouv\u00e8 n\u00e8t, san bary\u00e8 (&#8220;Open Source&#8221;), epi li disponib gratis ti cheri sou sit <strong><span style=\"color: #3366ff;\"><a style=\"color: #3366ff;\" href=\"https:\/\/www.geogebra.org\/\">GeoGebra.org&nbsp;<\/a>&nbsp;<\/span><\/strong>&nbsp;Nou ka itilize lojisy\u00e8l GeoGebra yo an krey\u00f2l dir\u00e8kteman sou sit sa a oswa nou ka <strong><span style=\"color: #3366ff;\"><a style=\"color: #3366ff;\" href=\"https:\/\/www.geogebra.org\/material\/show\/id\/BCsW1mid#download-popup\">telechaje lojisy\u00e8l sa yo sou \u00f2dinat\u00e8 nou.<\/a><\/span><\/strong><\/p>\n<div class=\"fusion-clearfix\"><\/div><\/div><\/div><div class=\"fusion-clearfix\"><\/div><\/div><\/div><div class=\"fusion-fullwidth fullwidth-box fusion-fullwidth-2  fusion-parallax-none nonhundred-percent-fullwidth\" style=\"border-color:#eae9e9;border-bottom-width: 0px;border-top-width: 0px;border-bottom-style: solid;border-top-style: solid;padding-bottom:20px;padding-top:20px;padding-left:;padding-right:;background-color:#f8f2e7;\"><style type=\"text\/css\" scoped=\"scoped\">.fusion-fullwidth-2 {\n                            padding-left: px !important;\n                            padding-right: px !important;\n                        }<\/style><div class=\"fusion-row\"><\/div><\/div><div class=\"fusion-one-third fusion-layout-column fusion-spacing-yes\" style=\"margin-top:0px;margin-bottom:20px;\"><div class=\"fusion-column-wrapper\"><div class=\"fusion-clearfix\"><\/div><\/div><\/div><div class=\"fusion-one-third fusion-layout-column fusion-spacing-yes\" style=\"margin-top:0px;margin-bottom:20px;\"><div class=\"fusion-column-wrapper\"><div class=\"fusion-clearfix\"><\/div><\/div><\/div><h3 style=\"text-align: center;\">&nbsp;<\/h3>\n<p>\n<iframe loading=\"lazy\" src=\"\/\/www.geogebra.org\/m\/BCsW1mid#material\/lFrdyR5j.html\" width=\"100%\" height=\"700px\" frameborder=\"0\"><\/iframe><\/p>\n\n","protected":false},"excerpt":{"rendered":"","protected":false},"author":14,"featured_media":0,"parent":5056,"menu_order":0,"comment_status":"closed","ping_status":"closed","template":"100-width.php","meta":{"ngg_post_thumbnail":0},"_links":{"self":[{"href":"https:\/\/haiti.mit.edu\/hat\/wp-json\/wp\/v2\/pages\/7283"}],"collection":[{"href":"https:\/\/haiti.mit.edu\/hat\/wp-json\/wp\/v2\/pages"}],"about":[{"href":"https:\/\/haiti.mit.edu\/hat\/wp-json\/wp\/v2\/types\/page"}],"author":[{"embeddable":true,"href":"https:\/\/haiti.mit.edu\/hat\/wp-json\/wp\/v2\/users\/14"}],"replies":[{"embeddable":true,"href":"https:\/\/haiti.mit.edu\/hat\/wp-json\/wp\/v2\/comments?post=7283"}],"version-history":[{"count":13,"href":"https:\/\/haiti.mit.edu\/hat\/wp-json\/wp\/v2\/pages\/7283\/revisions"}],"predecessor-version":[{"id":7327,"href":"https:\/\/haiti.mit.edu\/hat\/wp-json\/wp\/v2\/pages\/7283\/revisions\/7327"}],"up":[{"embeddable":true,"href":"https:\/\/haiti.mit.edu\/hat\/wp-json\/wp\/v2\/pages\/5056"}],"wp:attachment":[{"href":"https:\/\/haiti.mit.edu\/hat\/wp-json\/wp\/v2\/media?parent=7283"}],"curies":[{"name":"wp","href":"https:\/\/api.w.org\/{rel}","templated":true}]}}